{"id":2178,"date":"2020-09-01T15:17:55","date_gmt":"2020-09-01T13:17:55","guid":{"rendered":"https:\/\/naukajedzenia.pl\/sklep\/?page_id=2178"},"modified":"2020-09-01T15:23:46","modified_gmt":"2020-09-01T13:23:46","slug":"polityka-prywatnosci","status":"publish","type":"page","link":"https:\/\/naukajedzenia.pl\/sklep\/polityka-prywatnosci\/","title":{"rendered":"Polityka Prywatno\u015bci"},"content":{"rendered":"<section class=\"l-section wpb_row height_small\"><div class=\"l-section-h i-cf\"><div class=\"g-cols vc_row via_flex valign_top type_default stacking_default\"><div class=\"vc_col-sm-12 wpb_column vc_column_container\"><div class=\"vc_column-inner\"><div class=\"wpb_wrapper\"><div class=\"wpb_text_column\"><div class=\"wpb_wrapper\"><h1>Polityka Prywatno\u015bci<\/h1>\n<\/div><\/div><div class=\"w-separator size_medium\"><\/div><div class=\"wpb_text_column\"><div class=\"wpb_wrapper\"><h2 class=\"wp-block-heading\">\u00a7 1 Postanowienia Og\u00f3lne<\/h2>\n<p>\u00a0<\/p>\n<ol class=\"wp-block-list\">\n<li>Administratorem danych osobowych przetwarzanych w Serwisie w celu \u015bwiadczenia Us\u0142ug przez Administratora jest Grzegorz Zaremba, adres: Kazimierza Por\u0119bskiego 53\/14, 80-180 Gda\u0144sk, REGON: 366573873, NIP: 5130248534 (dalej: \u201eAdministrator\u201d lub&#8221;G\u0142\u00f3wny Mentor&#8221;).<\/li>\n<li>Administrator dok\u0142ada wszelkich stara\u0144, aby zachowa\u0107 poufno\u015b\u0107 i prywatno\u015b\u0107 dostarczonych informacji. Niniejsza Polityka Prywatno\u015bci formu\u0142uje bie\u017c\u0105ce zasady i polityki dotycz\u0105ce ochrony i\u00a0przetwarzania danych osobowych otrzymanych od U\u017cytkownik\u00f3w bezpo\u015brednio lub po\u015brednio, w takim wymiarze, w jakim chroni je prawo obowi\u0105zuj\u0105ce na terenie Rzeczpospolitej Polskiej.<\/li>\n<li>Na potrzeby Polityki Prywatno\u015bci \u201edane osobowe\u201d &#8211; s\u0105 to wszelkie informacje o zidentyfikowanej lub mo\u017cliwej do zidentyfikowania bezpo\u015brednio lub po\u015brednio osobie fizycznej w szczeg\u00f3lno\u015bci na podstawie danych takich jak: imi\u0119 i nazwisko, numer identyfikacyjny, dane o lokalizacji, identyfikator internetowy lub jeden b\u0105d\u017a kilka szczeg\u00f3lnych czynnik\u00f3w okre\u015blaj\u0105cych fizyczn\u0105, fizjologiczn\u0105, genetyczn\u0105, psychiczn\u0105, ekonomiczn\u0105, kulturow\u0105 lub spo\u0142eczn\u0105 to\u017csamo\u015b\u0107 osoby fizycznej.<\/li>\n<li>Na potrzeby Polityki Prywatno\u015bci \u201eSzczeg\u00f3lne kategorie danych osobowych\u201d &#8211; s\u0105 to wszelkie informacje ujawniaj\u0105ce dane dotycz\u0105ce zdrowia, dane genetyczne oraz inne, kt\u00f3re z racji swego charakteru s\u0105 szczeg\u00f3lnie wra\u017cliwe i wymagaj\u0105 szczeg\u00f3lne ochrony podczas przetwarzania.<\/li>\n<li>Na potrzeby Polityki Prywatno\u015bci \u201eUmowa\u201d \u2013 jest to stosunek prawny \u0142\u0105cz\u0105cy U\u017cytkownika z Administratorem, powsta\u0142y z chwil\u0105 rejestracji U\u017cytkownika w Serwisie, tj. utworzenia Konta i jego aktywacji, do kt\u00f3rych niezb\u0119dne jest zaakceptowanie postanowie\u0144 regulaminu korzystania z Serwisu, kt\u00f3ry ustaje z chwil\u0105 rozwi\u0105zania, tj. zaprzestania \u015bwiadczenia Us\u0142ug przez Administratora na rzecz U\u017cytkownika i usuni\u0119cie Konta U\u017cytkownika z Serwisu przez Administratora z w\u0142asnej inicjatywy lub na \u017c\u0105danie U\u017cytkownika jak te\u017c bezpo\u015brednio przez U\u017cytkownika.<\/li>\n<\/ol>\n<p>\u00a0<\/p>\n<hr class=\"wp-block-separator has-text-color has-background\" style=\"background-color: #f8ba94; color: #f8ba94;\" \/>\n<p>\u00a0<\/p>\n<h2 class=\"wp-block-heading\">\u00a7 2 Zbieranie i przetwarzanie danych osobowych. Zabezpieczenia<\/h2>\n<p>\u00a0<\/p>\n<ol class=\"wp-block-list\">\n<li>W zwi\u0105zku ze \u015bwiadczeniem us\u0142ug Serwisu, Administrator mo\u017ce zbiera\u0107 nast\u0119puj\u0105ce dane osobowe:\n<ol>\n<li>Dane osobowe U\u017cytkownika przekazane w zwi\u0105zku z zadaniem pytania odno\u015bnie Oferty Administratora (formularz kontaktowy lub adres e-mail): imi\u0119, nazwisko, adres e-mail, wzrost, waga cia\u0142a, preferencje \u017cywieniowe;<\/li>\n<li>Dane osobowe U\u017cytkownik\u00f3w zbierane w celu wykonania Umowy: imi\u0119 i nazwisko, miejsce zamieszkania (miasto, kraj), j\u0119zyk, kt\u00f3rym si\u0119 pos\u0142uguje, adres e-mail, wiek, data urodzenia, wzrost, waga, numer telefonu, identyfikator Skype, informacja na temat sklep\u00f3w, w kt\u00f3rych U\u017cytkownik robi zakupy, informacje na temat preferencji \u017cywieniowych (co lubi, czego nie lub je\u015b\u0107, rodzaj p\u0142yn\u00f3w, kt\u00f3re zazwyczaj przyjmuje), informacje na temat przebytych lub aktualnych chor\u00f3b, alergii, kontuzji, uraz\u00f3w schorze\u0144, informacje na temat prowadzonego trybu \u017cycia (tryb siedz\u0105cy, aktywny, praca w ci\u0105g\u0142ym ruchu, itp.), na temat trybu \u017cycia, ilo\u015bci aktualnie uprawianej aktywno\u015bci fizycznej, planowanej aktywno\u015bci fizycznej, informacje dotycz\u0105ce konsumpcji u\u017cywek (alkohol, papierosy, kawa, inne).<\/li>\n<\/ol>\n<\/li>\n<li>Wszystkie przekazane nam dane osobowe b\u0119dziemy przetwarza\u0107 zgodnie z Rozporz\u0105dzeniem Parlamentu Europejskiego i Rady UE 2016\/679 z 27 kwietnia 2016 roku w sprawie ochrony os\u00f3b fizycznych w zwi\u0105zku z przetwarzaniem danych osobowych i w sprawie swobodnego przep\u0142ywu takich danych oraz uchylenia dyrektywy 95\/46\/WE \u2013 czyli w\u0142a\u015bnie RODO oraz zgodnie z pozosta\u0142ymi przepisami obowi\u0105zuj\u0105cego w Polsce prawa, w szczeg\u00f3lno\u015bci z zakresu ochrony danych osobowych, w poni\u017cszych celach:\n<ol>\n<li>Prawid\u0142owego wykonania Umowy \u2013 przez wykonanie Umowy rozumiemy w tym wypadku utrzymywanie Konta w naszym Serwisie, przygotowanie planu \u017cywieniowego oraz aktywno\u015bci fizycznej indywidualnie dopasowanych m.in. do potrzeb, preferencji \u017cywieniowych, stanu zdrowia, trybu \u017cycia, kt\u00f3ry pozwoli osi\u0105gn\u0105\u0107 U\u017cytkownikowi za\u0142o\u017cony i przekazany G\u0142\u00f3wnemu Mentorowi lub Mentorowi cel. Dane przetwarzane w celu prawid\u0142owego wykonania Umowy mog\u0105 nale\u017ce\u0107 do Szczeg\u00f3lnej kategorii danych osobowych, w szczeg\u00f3lno\u015bci mog\u0105 dotyczy\u0107 stanu zdrowia U\u017cytkownika. Przyst\u0119puj\u0105c do korzystania z Us\u0142ug \u015bwiadczonych za po\u015brednictwem Serwisu oraz przekazuj\u0105c dane nale\u017c\u0105ce do Szczeg\u00f3lnej kategorii danych osobowych, U\u017cytkownik wyra\u017ca tym samym wyra\u017an\u0105 zgod\u0119 na przetwarzanie tych danych przez Administratora w celu wykonania Umowy i realizacji sk\u0142adanych zam\u00f3wie\u0144, kt\u00f3rych to przetwarzanie jest niezb\u0119dne dla zawarcia i \u015bwiadczenia Us\u0142ug za po\u015brednictwem Serwisu. W powy\u017cszym celu oraz w zakresie niezb\u0119dnym do jego realizacji b\u0119dziemy przetwarza\u0107 dane przez czas, w kt\u00f3rym b\u0119dziesz posiada\u0107 u nas Konto, a w razie realizacji us\u0142ug p\u0142atnych, r\u00f3wnie\u017c do czasu ich ca\u0142kowitego rozliczenia oraz do czasu przedawnienia roszcze\u0144, kt\u00f3re mog\u0105 by\u0107 podnoszone przeciwko lub przez Administratora z tytu\u0142u wykonania Umowy.<\/li>\n<li>Realizacji prawnie uzasadnionego interesu Administratora \u2013 w trakcie trwania Umowy Administrator b\u0119dzie przetwarza\u0107 Twoje dane w zakresie niezb\u0119dnym do realizacji swojego prawnie uzasadnionego interesu, w celu prowadzenia marketingu bezpo\u015bredniego w stosunku do oferowanych Ci przez Administratora produkt\u00f3w i us\u0142ug. Zakres danych przetwarzanych w tym celu nie obejmuje w \u017cadnym wypadku podanych przez U\u017cytkownika danych osobowych nale\u017c\u0105cych do Szczeg\u00f3lnych kategorii danych osobowych.<\/li>\n<li>Je\u015bli wyrazisz nam na to dobrowoln\u0105 zgod\u0119, obejmuj\u0105c\u0105 osobno ka\u017cdy z cel\u00f3w przetwarzania Twoich danych osobowych \u2013 b\u0119dziemy przetwarza\u0107 Twoje dane w celach marketingowych w stosunku do oferowanych innym U\u017cytkownikom produkt\u00f3w i us\u0142ug w trakcie trwania Umowy jak r\u00f3wnie\u017c w celu prowadzenia marketingu bezpo\u015bredniego oraz w celu prowadzenia przez Administratora marketingu wobec innych U\u017cytkownik\u00f3w w stosunku do produkt\u00f3w i us\u0142ug oferowanych przez Administratora po zako\u0144czeniu trwania Umowy \u0142\u0105cz\u0105cej Ci\u0119 z Administratorem, tj. do zako\u0144czenia \u015bwiadczenia Us\u0142ug przez Administratora i usuni\u0119cia Twojego Konta z Serwisu \u2013 dzi\u0119ki temu po zako\u0144czeniu naszej sta\u0142ej wsp\u00f3\u0142pracy mo\u017cesz otrzymywa\u0107 na przekazanego nam maila informacje o promocjach i realizowanych przez nas akcjach marketingowych r\u00f3wnie\u017c po zako\u0144czeniu ;<\/li>\n<li>Spe\u0142nienie obowi\u0105zk\u00f3w wynikaj\u0105cych z przepis\u00f3w prawa \u2013 niekt\u00f3re Twoje dane musimy przechowywa\u0107 w celach wynikaj\u0105cych z ustawy o rachunkowo\u015bci lub ustaw podatkowych \u2013 w tym celu niezb\u0119dne dane zwi\u0105zane ze zrealizowanymi zam\u00f3wieniami przechowywa\u0107 b\u0119dziemy przez 5 lat od ko\u0144ca roku w kt\u00f3rym zam\u00f3wienie zosta\u0142o zrealizowane, a w razie wszcz\u0119cia przez odpowiednie organy post\u0119powania lub kontroli \u2013 do czasu ich zako\u0144czenia.<\/li>\n<\/ol>\n<\/li>\n<li>Dane przekazane w celu wykonania Umowy s\u0105 przekazane dobrowolnie jednak ich niepodanie uniemo\u017cliwia prawid\u0142owe wykonanie Umowy jednocze\u015bnie uniemo\u017cliwiaj\u0105c jej zawarcie.<\/li>\n<li>W zwi\u0105zku ze \u015bwiadczeniem Us\u0142ug za po\u015brednictwem Serwisu mo\u017cemy powierza\u0107 przetwarzanie Twoich danych osobowych innym odbiorcom, w szczeg\u00f3lno\u015bci podmiotom \u015bwiadcz\u0105cym us\u0142ugi na rzecz Administratora, w szczeg\u00f3lno\u015bci z zakresu rachunkowo\u015bci i ksi\u0119gowo\u015bci, us\u0142ugi informatyczne, us\u0142ugi z zakresu promocji i marketingu. Przetwarzanie Twoich danych osobowych, przetwarzanych na rzecz i Administratora przez pracownik\u00f3w Administratora oraz osoby \u015bwiadcz\u0105ce prac\u0119 na jego rzecz na podstawie innego stosunku, w tym stosunk\u00f3w cywilnoprawnych w granicach upowa\u017cnienia do przetwarzania danych osobowych w okre\u015blonym celu i w ramach konkretnej czynno\u015bci przetwarzania.<\/li>\n<li>Dane osobowe U\u017cytkownik\u00f3w b\u0119d\u0105 przechowywane przez ca\u0142y okres obowi\u0105zywania Umowy, a po jej rozwi\u0105zaniu lub wyga\u015bni\u0119ciu w zakresie w jakim jest to niezb\u0119dne dla wykonania ci\u0105\u017c\u0105cych na Administratorze danych obowi\u0105zk\u00f3w prawnych.<\/li>\n<li>Dane o kt\u00f3rych mowa w ust. 1 lit. a) b\u0119d\u0105 przechowywane wy\u0142\u0105cznie na potrzeby realizacji zam\u00f3wienia oraz do czasu wyga\u015bni\u0119cia lub rozwi\u0105zania Umowy (usuni\u0119cie Konta z Serwisu), oraz do czasu przedawnienia roszcze\u0144 zwi\u0105zanych z wykonaniem Umowy.<\/li>\n<li>Dane przekazane przez U\u017cytkownika za po\u015brednictwem formularza umieszczonego w Serwisie w celu uzyskania kontaktu i oferty Administratora, b\u0119d\u0105 przechowywane jedynie w tym celu, tj. podj\u0119cia kontaktu przez Administratora oraz przygotowania si\u0119 osoby kontaktuj\u0105cej si\u0119 w imieniu Administratora do przeprowadzenia rozmowy wst\u0119pnej (przygotowanie dodatkowych pyta\u0144 w celu dopasowania tworzonej oferty \u015bwiadczonych Us\u0142ug do indywidualnych potrzeb U\u017cytkownika) oraz w celu jej zarchiwizowania przez okres 6 miesi\u0119cy od dnia skierowania zapytania.<\/li>\n<li>Ze wzgl\u0119du na uzasadniony interes prawny Administratora, przekazane przez Ciebie dane osobowe inne ni\u017c dane nale\u017c\u0105ce do Szczeg\u00f3lnej kategorii danych osobowych, mog\u0105 by\u0107 przetwarzane w celu prowadzenia marketingu bezpo\u015bredniego w stosunku do produkt\u00f3w i us\u0142ug oferowanych przez Administratora przez czas trwania Umowy, a po jej rozwi\u0105zaniu lub wyga\u015bni\u0119ciu \u2013 za Twoj\u0105 dobrowoln\u0105 zgod\u0105 do chwili jej odwo\u0142ania, jednak nie d\u0142u\u017cej ni\u017c przez okres dw\u00f3ch lat od chwili rozwi\u0105zania lub wyga\u015bni\u0119cia Umowy.<\/li>\n<li>Je\u015bli dobrowolnie wyrazisz na to zgod\u0119, Twoje dane b\u0119d\u0105 przetwarzane po rozwi\u0105zaniu lub wyga\u015bni\u0119ciu Umowy w celu prowadzenia reklamy, promocji i marketingu w stosunku do produkt\u00f3w lub us\u0142ug oferowanych przez Administratora osobom trzecim do chwili odwo\u0142ania zgody, jednak nie d\u0142u\u017cej ni\u017c przez okres dw\u00f3ch lat od chwili rozwi\u0105zania lub wyga\u015bni\u0119cia Umowy.<\/li>\n<li>Administrator zobowi\u0105zuje si\u0119 do:\n<ol>\n<li>Podj\u0119cia wszelkich rozs\u0105dnych dzia\u0142a\u0144, aby dane osobowe, kt\u00f3re s\u0105 nieprawid\u0142owe w \u015bwietle cel\u00f3w ich przetwarzania, zosta\u0142y niezw\u0142ocznie usuni\u0119te lub sprostowane;<\/li>\n<li>Przechowywania danych osobowych w formie umo\u017cliwiaj\u0105cej identyfikacj\u0119 osoby, kt\u00f3rej dane dotycz\u0105 przez okres nie d\u0142u\u017cszy, ni\u017c jest to niezb\u0119dne do cel\u00f3w, w kt\u00f3rych dane te s\u0105 przetwarzane, chyba \u017ce b\u0119d\u0105 one przetwarzane wy\u0142\u0105cznie do cel\u00f3w archiwalnych w interesie publicznym, do cel\u00f3w bada\u0144 naukowych lub historycznych lub do cel\u00f3w statystycznych w postaci, kt\u00f3ra nie pozwala na identyfikacj\u0119 osoby, kt\u00f3rej dane dotycz\u0105;<\/li>\n<li>Przetwarzania danych osobowych w spos\u00f3b zapewniaj\u0105cy odpowiednie bezpiecze\u0144stwo, w\u00a0tym ochron\u0119 przed niedozwolonym lub niezgodnym z prawem przetwarzaniem oraz przypadkow\u0105 utrat\u0105, zniszczeniem lub uszkodzeniem, za pomoc\u0105 odpowiednich \u015brodk\u00f3w technicznych i organizacyjnych;<\/li>\n<\/ol>\n<\/li>\n<li>Administrator przetwarza dane osobowe i Informacje Poufne w spos\u00f3b, o kt\u00f3rym mowa w ust. 11 pkt c) powy\u017cej, w szczeg\u00f3lno\u015bci poprzez:\n<ol>\n<li>Stosowanie \u015brodk\u00f3w technicznych i organizacyjnych zapewniaj\u0105cych ochron\u0119 przetwarzanych danych osobowych odpowiednich do zagro\u017ce\u0144 oraz kategorii danych obj\u0119tych ochron\u0105, przy szczeg\u00f3lnym uwzgl\u0119dnienie zagro\u017ce\u0144 wynikaj\u0105cych z przetwarzania danych osobowych nale\u017c\u0105cych do Szczeg\u00f3lnej kategorii danych osobowych;<\/li>\n<li>Dopuszczenie do przetwarzania danych osobowych wy\u0142\u0105cznie os\u00f3b posiadaj\u0105cych stosowne upowa\u017cnienie, a w przypadku os\u00f3b przetwarzaj\u0105cych dane osobowe nale\u017c\u0105ce do Szczeg\u00f3lnej kategorii danych osobowych os\u00f3b posiadaj\u0105cych upowa\u017cnienie do przetwarzania takich danych oraz przeszkolonych w zakresie bezpiecze\u0144stwa tej kategorii danych oraz zasad ochrony ich przetwarzania;<\/li>\n<li>Zabezpieczanie danych osobowych, w tym przede wszystkim danych osobowych nale\u017c\u0105cych do Szczeg\u00f3lnej kategorii danych osobowych przed ich udost\u0119pnieniem osobom nieupowa\u017cnionym, zabraniem przez osoby nieuprawnione, przetwarzaniem z naruszeniem przepis\u00f3w oraz zmian\u0105, utrat\u0105, uszkodzeniem lub zniszczeniem;<\/li>\n<li>Prowadzenie dokumentacji opisuj\u0105cej spos\u00f3b przetwarzania danych osobowych oraz \u015brodki ochrony, o kt\u00f3rych mowa powy\u017cej;<\/li>\n<li>Zapewnianie kontroli nad tym, jakie dane osobowe, kiedy i przez kogo zosta\u0142y do zbioru wprowadzone oraz komu s\u0105 przekazywane;<\/li>\n<li>Prowadzenie ewidencji os\u00f3b uprawnionych do przetwarzania danych osobowych;<\/li>\n<li>Przetwarzanie danych osobowych, w szczeg\u00f3lno\u015bci danych nale\u017c\u0105cych do Szczeg\u00f3lnej kategorii danych osobowych, wy\u0142\u0105cznie w zakresie w jakim jest to niezb\u0119dne do realizacji celu w jakim zosta\u0142y przekazane Administratorowi.<\/li>\n<\/ol>\n<\/li>\n<li>Dane osobowe s\u0105 przetwarzane w prawnie usprawiedliwionym interesie Administratora jedynie w zakresie i przez czas niezb\u0119dny do zrealizowania celu, tj:\n<ol>\n<li>Prowadzenia bada\u0144 rynku i bada\u0144 statystycznych dla potrzeb funkcjonowania Serwisu;<\/li>\n<li>Administrowania Serwisem, poprawy jego funkcjonalno\u015bci i podniesienia jako\u015bci \u015bwiadczonych us\u0142ug;<\/li>\n<li>Kontaktowania si\u0119 z U\u017cytkownikami w sprawach dotycz\u0105cych konta, rozwi\u0105zywania problem\u00f3w, rozstrzygania spor\u00f3w, odzyskiwania nale\u017cno\u015bci i podejmowania innych czynno\u015bci zwi\u0105zanych z obs\u0142ug\u0105 U\u017cytkownika poprzez dost\u0119pne kana\u0142y komunikacji;<\/li>\n<li>Egzekwowanie przestrzegania Regulaminu korzystania z Serwisu i zwalczania oszustw i nadu\u017cy\u0107;<\/li>\n<li>Poprawy bezpiecze\u0144stwa przetwarzania danych osobowych;<\/li>\n<\/ol>\n<\/li>\n<\/ol>\n<p>\u00a0<\/p>\n<hr class=\"wp-block-separator has-text-color has-background\" style=\"background-color: #f8ba94; color: #f8ba94;\" \/>\n<p>\u00a0<\/p>\n<h2 class=\"wp-block-heading\">\u00a7 3 Zbieranie danych anonimowych<\/h2>\n<p>\u00a0<\/p>\n<ol class=\"wp-block-list\">\n<li>Administrator nie rejestruje \u017cadnych prywatnych danych U\u017cytkownik\u00f3w udost\u0119pnionych lub przekazanych w zwi\u0105zku z korzystaniem z Serwisu.<\/li>\n<li>W trakcie korzystania z Serwisu automatycznemu zarejestrowaniu podlegaj\u0105 wy\u0142\u0105cznie informacje techniczne, takie jak typ przegl\u0105darki internetowej, system operacyjny, ilo\u015b\u0107 i daty wizyt U\u017cytkownika oraz historia aktywno\u015bci w Serwisie. Wskazane dane mog\u0105 zosta\u0107 wykorzystywane wy\u0142\u0105cznie do cel\u00f3w statystycznych zwi\u0105zanych z funkcjonowaniem Serwisu.<\/li>\n<li>Niekt\u00f3re obszary Serwisu mog\u0105 wykorzystywa\u0107 cookies, czyli pliki tekstowe zapisywane na urz\u0105dzeniu u\u017cytkownika, identyfikuj\u0105ce go w spos\u00f3b potrzebny do umo\u017cliwienia niekt\u00f3rych funkcji Serwisu. Wskazane pliki nie zbieraj\u0105 ani nie przetwarzaj\u0105 \u017cadnych danych osobowych U\u017cytkownik\u00f3w.<\/li>\n<li>W wi\u0119kszo\u015bci znanych przegl\u0105darek istnieje mo\u017cliwo\u015b\u0107 ograniczenia lub zablokowania wykorzystywania cookies, jednak\u017ce w niekt\u00f3rych przypadkach mo\u017ce to skutkowa\u0107 ograniczeniem funkcjonalno\u015bci stron.<\/li>\n<li>Szczeg\u00f3\u0142owe zasady dzia\u0142ania cookies reguluje Polityka cookies, dost\u0119pna pod\u00a0<a href=\"https:\/\/myproportion.com\/cookies\">https:\/\/myproportion.com\/cookies<\/a><\/li>\n<\/ol>\n<p>\u00a0<\/p>\n<hr class=\"wp-block-separator has-text-color has-background\" style=\"background-color: #f8ba94; color: #f8ba94;\" \/>\n<p>\u00a0<\/p>\n<h2 class=\"wp-block-heading\">\u00a7 4 Uprawnienia U\u017cytkownika<\/h2>\n<p>\u00a0<\/p>\n<ol class=\"wp-block-list\">\n<li>W ka\u017cdym czasie mo\u017cesz wycofa\u0107 udzielon\u0105 nam zgod\u0119 na ka\u017cdy z cel\u00f3w przetwarzania Twoich danych osobowych, na jaki zosta\u0142a udzielona, przesy\u0142aj\u0105c w tym celu wiadomo\u015b\u0107 e-mail na adres biuro@theproportion.com<\/li>\n<li>W ka\u017cdym czasie przys\u0142uguje Ci prawo dost\u0119pu do tre\u015bci swoich danych oraz ich poprawiania i sprostowania oraz \u2013 w zakresie wynikaj\u0105cym z przepis\u00f3w &#8211; do usuni\u0119cia (prawo do bycia zapomnianym), ograniczenia przetwarzania, wniesienia sprzeciwu wobec ich przetwarzania, masz te\u017c prawo do \u017c\u0105dania przeniesienia Twoich danych osobowych do innego administratora. U\u017cytkownik mo\u017ce realizowa\u0107 uprawnienia, o kt\u00f3rych mowa w zdaniu poprzednim, przesy\u0142aj\u0105c Administratorowi \u017c\u0105danie o odpowiedniej tre\u015bci za po\u015brednictwem wiadomo\u015bci e-mail na adres biuro@theproportion.com<\/li>\n<li>Przys\u0142uguje Ci r\u00f3wnie\u017c prawo do wniesienia skargi do organu nadzorczego w\u0142a\u015bciwego dla przetwarzania danych osobowych \u2013 Prezesa Urz\u0119du Ochrony Danych Osobowych.<\/li>\n<li>Pytania, uwagi lub skargi dotycz\u0105ce Polityki Prywatno\u015bci, danych osobowych lub jakiejkolwiek cz\u0119\u015bci Serwisu, nale\u017cy kierowa\u0107 na adres biuro@thepropotion.com<\/li>\n<\/ol>\n<p>\u00a0<\/p>\n<hr class=\"wp-block-separator has-text-color has-background\" style=\"background-color: #f8ba94; color: #f8ba94;\" \/>\n<p>\u00a0<\/p>\n<h2 class=\"wp-block-heading\">\u00a7 5 Postanowienia ko\u0144cowe<\/h2>\n<p>\u00a0<\/p>\n<ol class=\"wp-block-list\">\n<li>Niniejsza Polityka Prywatno\u015bci wchodzi w\u00a0\u017cycie z dniem 1 maja 2018 roku.<\/li>\n<li>Administrator mo\u017ce zmieni\u0107 Polityk\u0119 Prywatno\u015bci, je\u017celi jest to niezb\u0119dne w celu podwy\u017cszenia jako\u015bci oferowanych Us\u0142ug, dostosowania jej postanowie\u0144 do nowych lub zmienionych funkcjonalno\u015bci Serwisu oraz o ile jest to wymagane przez powszechnie obowi\u0105zuj\u0105ce w tym zakresie przepisy prawa. Postanowienia dotycz\u0105ce zmian w Regulaminie stosuje si\u0119 odpowiednio.<\/li>\n<li>W sprawach nieuregulowanych Polityk\u0105 Prywatno\u015bci stosuje si\u0119 przepisy RODO oraz inne powszechnie obowi\u0105zuj\u0105ce na terytorium RP przepisy prawa z zakresu ochrony danych osobowych.<\/li>\n<\/ol>\n<\/div><\/div><\/div><\/div><\/div><\/div><\/div><\/section>","protected":false},"excerpt":{"rendered":"Polityka Prywatno\u015bci \u00a7 1 Postanowienia Og\u00f3lne \u00a0 Administratorem danych osobowych przetwarzanych w Serwisie w celu \u015bwiadczenia Us\u0142ug przez Administratora jest Grzegorz Zaremba, adres: Kazimierza Por\u0119bskiego 53\/14, 80-180 Gda\u0144sk, REGON: 366573873, NIP: 5130248534 (dalej: \u201eAdministrator\u201d lub&#8221;G\u0142\u00f3wny Mentor&#8221;). Administrator dok\u0142ada wszelkich stara\u0144, aby zachowa\u0107 poufno\u015b\u0107 i prywatno\u015b\u0107 dostarczonych informacji. Niniejsza Polityka Prywatno\u015bci formu\u0142uje bie\u017c\u0105ce zasady i polityki...","protected":false},"author":1,"featured_media":0,"parent":0,"menu_order":0,"comment_status":"closed","ping_status":"closed","template":"","meta":{"_acf_changed":false,"_seopress_robots_primary_cat":"","_seopress_titles_title":"","_seopress_titles_desc":"","_seopress_robots_index":"","inline_featured_image":false,"footnotes":""},"class_list":["post-2178","page","type-page","status-publish","hentry"],"acf":[],"_links":{"self":[{"href":"https:\/\/naukajedzenia.pl\/sklep\/wp-json\/wp\/v2\/pages\/2178","targetHints":{"allow":["GET"]}}],"collection":[{"href":"https:\/\/naukajedzenia.pl\/sklep\/wp-json\/wp\/v2\/pages"}],"about":[{"href":"https:\/\/naukajedzenia.pl\/sklep\/wp-json\/wp\/v2\/types\/page"}],"author":[{"embeddable":true,"href":"https:\/\/naukajedzenia.pl\/sklep\/wp-json\/wp\/v2\/users\/1"}],"replies":[{"embeddable":true,"href":"https:\/\/naukajedzenia.pl\/sklep\/wp-json\/wp\/v2\/comments?post=2178"}],"version-history":[{"count":7,"href":"https:\/\/naukajedzenia.pl\/sklep\/wp-json\/wp\/v2\/pages\/2178\/revisions"}],"predecessor-version":[{"id":2191,"href":"https:\/\/naukajedzenia.pl\/sklep\/wp-json\/wp\/v2\/pages\/2178\/revisions\/2191"}],"wp:attachment":[{"href":"https:\/\/naukajedzenia.pl\/sklep\/wp-json\/wp\/v2\/media?parent=2178"}],"curies":[{"name":"wp","href":"https:\/\/api.w.org\/{rel}","templated":true}]}}